{"id":1282,"date":"2023-01-11T09:47:20","date_gmt":"2023-01-11T14:47:20","guid":{"rendered":"http:\/\/www.rspa.ca\/?page_id=1282"},"modified":"2023-03-21T06:37:32","modified_gmt":"2023-03-21T10:37:32","slug":"services","status":"publish","type":"page","link":"https:\/\/www.rspa.ca\/?page_id=1282&lang=fr","title":{"rendered":"Services"},"content":{"rendered":"[vc_row type=&#8221;full_width_content&#8221; full_screen_row_position=&#8221;middle&#8221; column_margin=&#8221;default&#8221; column_direction=&#8221;default&#8221; column_direction_tablet=&#8221;default&#8221; column_direction_phone=&#8221;default&#8221; scene_position=&#8221;center&#8221; top_padding=&#8221;6%&#8221; constrain_group_1=&#8221;yes&#8221; bottom_padding=&#8221;6%&#8221; left_padding_desktop=&#8221;8%&#8221; right_padding_desktop=&#8221;8%&#8221; top_padding_tablet=&#8221;15%&#8221; constrain_group_3=&#8221;yes&#8221; bottom_padding_tablet=&#8221;15%&#8221; text_color=&#8221;dark&#8221; text_align=&#8221;left&#8221; row_border_radius=&#8221;none&#8221; row_border_radius_applies=&#8221;bg&#8221; overflow=&#8221;hidden&#8221; id=&#8221;impact&#8221; advanced_gradient_angle=&#8221;0&#8243; overlay_strength=&#8221;0.3&#8243; gradient_direction=&#8221;left_to_right&#8221; shape_divider_position=&#8221;top&#8221; shape_divider_height=&#8221;50%&#8221; bg_image_animation=&#8221;none&#8221; shape_type=&#8221;straight_section&#8221; gradient_type=&#8221;default&#8221;][vc_column column_padding=&#8221;no-extra-padding&#8221; column_padding_tablet=&#8221;inherit&#8221; column_padding_phone=&#8221;inherit&#8221; column_padding_position=&#8221;all&#8221; column_element_direction_desktop=&#8221;default&#8221; column_element_spacing=&#8221;default&#8221; desktop_text_alignment=&#8221;default&#8221; tablet_text_alignment=&#8221;default&#8221; phone_text_alignment=&#8221;default&#8221; background_color_opacity=&#8221;1&#8243; background_hover_color_opacity=&#8221;1&#8243; column_backdrop_filter=&#8221;none&#8221; column_shadow=&#8221;none&#8221; column_border_radius=&#8221;none&#8221; column_link_target=&#8221;_self&#8221; column_position=&#8221;default&#8221; gradient_direction=&#8221;left_to_right&#8221; overlay_strength=&#8221;0.3&#8243; width=&#8221;1\/1&#8243; tablet_width_inherit=&#8221;default&#8221; animation_type=&#8221;default&#8221; bg_image_animation=&#8221;none&#8221; border_type=&#8221;simple&#8221; column_border_width=&#8221;none&#8221; column_border_style=&#8221;solid&#8221;][vc_row_inner column_margin=&#8221;default&#8221; column_direction=&#8221;default&#8221; column_direction_tablet=&#8221;default&#8221; column_direction_phone=&#8221;default&#8221; bottom_padding=&#8221;15&#8243; text_align=&#8221;left&#8221; row_position=&#8221;default&#8221; row_position_tablet=&#8221;inherit&#8221; row_position_phone=&#8221;inherit&#8221; overflow=&#8221;visible&#8221; pointer_events=&#8221;all&#8221;][vc_column_inner column_padding=&#8221;no-extra-padding&#8221; column_padding_tablet=&#8221;inherit&#8221; column_padding_phone=&#8221;inherit&#8221; column_padding_position=&#8221;all&#8221; column_element_direction_desktop=&#8221;default&#8221; column_element_spacing=&#8221;default&#8221; desktop_text_alignment=&#8221;default&#8221; tablet_text_alignment=&#8221;default&#8221; phone_text_alignment=&#8221;default&#8221; background_color_opacity=&#8221;1&#8243; background_hover_color_opacity=&#8221;1&#8243; column_backdrop_filter=&#8221;none&#8221; column_shadow=&#8221;none&#8221; column_border_radius=&#8221;none&#8221; column_link_target=&#8221;_self&#8221; overflow=&#8221;visible&#8221; advanced_gradient_angle=&#8221;0&#8243; gradient_direction=&#8221;left_to_right&#8221; overlay_strength=&#8221;0.3&#8243; width=&#8221;1\/1&#8243; tablet_width_inherit=&#8221;default&#8221; animation_type=&#8221;default&#8221; enable_animation=&#8221;true&#8221; animation=&#8221;fade-in-from-bottom&#8221; animation_easing=&#8221;default&#8221; bg_image_animation=&#8221;none&#8221; border_type=&#8221;simple&#8221; column_border_width=&#8221;none&#8221; column_border_style=&#8221;solid&#8221; gradient_type=&#8221;default&#8221;][vc_column_text]\n<h1>SERVICES<\/h1>\n[\/vc_column_text][\/vc_column_inner][\/vc_row_inner][carousel script=&#8221;flickity&#8221; flickity_formatting=&#8221;default&#8221; desktop_cols_flickity=&#8221;2&#8243; desktop_small_cols_flickity=&#8221;2&#8243; tablet_cols_flickity=&#8221;2&#8243; phone_cols_flickity=&#8221;1&#8243; flickity_controls=&#8221;touch_total&#8221; flickity_touch_total_style=&#8221;solid_bg&#8221; flickity_touch_total_indicator_bg_color=&#8221;#e39f96&#8243; color=&#8221;default&#8221; flickity_overflow=&#8221;visible&#8221; flickity_wrap_around=&#8221;no-wrap&#8221; flickity_spacing=&#8221;10px&#8221; flickity_centered_cells=&#8221;true&#8221; flickity_column_vertical_alignment=&#8221;bottom&#8221; column_padding=&#8221;0&#8243; flickity_element_spacing=&#8221;0&#8243; border_radius=&#8221;none&#8221;][item simple_slider_bg_image_position=&#8221;default&#8221; simple_slider_overlay_strength=&#8221;0.3&#8243; simple_slider_bg_image_loading=&#8221;default&#8221; id=&#8221;1679395031877-4&#8243; title=&#8221;Item&#8221; tab_id=&#8221;1679395031878-6&#8243;][fancy_box box_style=&#8221;hover_desc&#8221; icon_family=&#8221;none&#8221; image_url=&#8221;1214&#8243; hover_color=&#8221;accent-color&#8221; hover_color_custom=&#8221;#000000&#8243; hover_desc_color_opacity=&#8221;0.9&#8243; hover_desc_hover_overlay_opacity=&#8221;0.4&#8243; disable_hover_movement=&#8221;true&#8221; bg_parallax=&#8221;true&#8221; icon_position=&#8221;top&#8221; box_alignment=&#8221;left&#8221; hover_desc_bg_animation=&#8221;none&#8221; border_radius=&#8221;default&#8221; image_loading=&#8221;lazy-load&#8221; color_scheme=&#8221;dark&#8221; secondary_content=&#8221;here&#8217;s some awesome text that would only be shown on hover&#8221; min_height_tablet=&#8221;550&#8243; min_height=&#8221;75vh&#8221;]\n<p class=\"p1\"><span class=\"s1\"><b>Visage<\/b><\/span><\/p>\n<p class=\"p1\"><span class=\"s1\">Les produits de soins de la peau suisses et les technologies de pointe sont combin\u00e9s pour obtenir des r\u00e9sultats tels que l&#8217;hydratation, le nettoyage en profondeur, l&#8217;anti-\u00e2ge, l&#8217;\u00e9claircissement, l&#8217;apaisement, etc.<\/span><\/p>\n[\/fancy_box][\/item][item simple_slider_bg_image_position=&#8221;default&#8221; simple_slider_overlay_strength=&#8221;0.3&#8243; simple_slider_bg_image_loading=&#8221;default&#8221; id=&#8221;1679395031905-10&#8243; title=&#8221;Item&#8221; tab_id=&#8221;1679395031906-5&#8243;][fancy_box box_style=&#8221;hover_desc&#8221; icon_family=&#8221;none&#8221; image_url=&#8221;1220&#8243; hover_color=&#8221;accent-color&#8221; hover_color_custom=&#8221;#0a0202&#8243; hover_desc_color_opacity=&#8221;0.9&#8243; hover_desc_hover_overlay_opacity=&#8221;0.4&#8243; disable_hover_movement=&#8221;true&#8221; bg_parallax=&#8221;true&#8221; icon_position=&#8221;top&#8221; box_alignment=&#8221;left&#8221; hover_desc_bg_animation=&#8221;none&#8221; border_radius=&#8221;default&#8221; image_loading=&#8221;lazy-load&#8221; color_scheme=&#8221;dark&#8221; secondary_content=&#8221;here&#8217;s some awesome text that would only be shown on hover&#8221; min_height=&#8221;75vh&#8221; min_height_tablet=&#8221;550&#8243;]\n<p class=\"p1\"><span class=\"s1\"><b>Yeux<\/b><\/span><\/p>\n<p class=\"p1\"><span class=\"s1\">Les d\u00e9partements R&amp;D de Suisse et de Chine collaborent pour trouver des solutions pour les ridules, les rides, les poches, l&#8217;affaissement, etc. Retrouver l&#8217;\u00e9clat et la jeunesse du regard gr\u00e2ce \u00e0 des traitements cibl\u00e9s.<\/span><\/p>\n[\/fancy_box][\/item][item simple_slider_bg_image_position=&#8221;default&#8221; simple_slider_overlay_strength=&#8221;0.3&#8243; simple_slider_bg_image_loading=&#8221;default&#8221; id=&#8221;1679395031925-5&#8243; title=&#8221;Item&#8221; tab_id=&#8221;1679395031926-8&#8243;][fancy_box box_style=&#8221;hover_desc&#8221; icon_family=&#8221;none&#8221; image_url=&#8221;1223&#8243; hover_color=&#8221;accent-color&#8221; hover_color_custom=&#8221;#000000&#8243; hover_desc_color_opacity=&#8221;0.9&#8243; hover_desc_hover_overlay_opacity=&#8221;0.4&#8243; disable_hover_movement=&#8221;true&#8221; bg_parallax=&#8221;true&#8221; icon_position=&#8221;top&#8221; box_alignment=&#8221;left&#8221; hover_desc_bg_animation=&#8221;none&#8221; border_radius=&#8221;default&#8221; image_loading=&#8221;lazy-load&#8221; color_scheme=&#8221;dark&#8221; secondary_content=&#8221;here&#8217;s some awesome text that would only be shown on hover&#8221; min_height=&#8221;75vh&#8221; min_height_tablet=&#8221;550&#8243;]\n<p class=\"p1\"><span class=\"s1\"><b>Massage du corps<\/b><\/span><\/p>\n<p class=\"p1\"><span class=\"s1\">Une fusion de massages de style europ\u00e9en et asiatique pour r\u00e9pondre \u00e0 tous les besoins. R SPA offre \u00e0 chacun un moyen personnalis\u00e9 de profiter d&#8217;une relaxation totale du corps et de l&#8217;esprit.<\/span><\/p>\n[\/fancy_box][\/item][item simple_slider_bg_image_position=&#8221;default&#8221; simple_slider_overlay_strength=&#8221;0.3&#8243; simple_slider_bg_image_loading=&#8221;default&#8221; id=&#8221;1679395031937-3&#8243; title=&#8221;Item&#8221; tab_id=&#8221;1679395031937-1&#8243;][fancy_box box_style=&#8221;hover_desc&#8221; icon_family=&#8221;none&#8221; image_url=&#8221;1226&#8243; hover_color=&#8221;extra-color-1&#8243; hover_color_custom=&#8221;#000000&#8243; hover_desc_color_opacity=&#8221;0.9&#8243; hover_desc_hover_overlay_opacity=&#8221;0.4&#8243; disable_hover_movement=&#8221;true&#8221; bg_parallax=&#8221;true&#8221; icon_position=&#8221;top&#8221; box_alignment=&#8221;left&#8221; hover_desc_bg_animation=&#8221;none&#8221; border_radius=&#8221;default&#8221; image_loading=&#8221;lazy-load&#8221; color_scheme=&#8221;dark&#8221; secondary_content=&#8221;here&#8217;s some awesome text that would only be shown on hover&#8221; min_height=&#8221;75vh&#8221; min_height_tablet=&#8221;550&#8243;]\n<p class=\"p1\"><span class=\"s1\"><b>\u00c9pilation<\/b><\/span><\/p>\n<p class=\"p1\"><span class=\"s1\">\u00c9pilation s\u00fbre et confortable, pour une peau douce et lisse.<span class=\"Apple-converted-space\"> <\/span><\/span><\/p>\n[\/fancy_box][\/item][item simple_slider_bg_image_position=&#8221;default&#8221; simple_slider_overlay_strength=&#8221;0.3&#8243; simple_slider_bg_image_loading=&#8221;default&#8221; id=&#8221;1679395031948-2&#8243; title=&#8221;Item&#8221; tab_id=&#8221;1679395031948-6&#8243;][fancy_box box_style=&#8221;hover_desc&#8221; icon_family=&#8221;none&#8221; image_url=&#8221;1229&#8243; hover_color=&#8221;extra-color-1&#8243; hover_color_custom=&#8221;#000000&#8243; hover_desc_color_opacity=&#8221;0.9&#8243; hover_desc_hover_overlay_opacity=&#8221;0.4&#8243; disable_hover_movement=&#8221;true&#8221; bg_parallax=&#8221;true&#8221; icon_position=&#8221;top&#8221; box_alignment=&#8221;left&#8221; hover_desc_bg_animation=&#8221;none&#8221; border_radius=&#8221;default&#8221; image_loading=&#8221;lazy-load&#8221; color_scheme=&#8221;dark&#8221; secondary_content=&#8221;here&#8217;s some awesome text that would only be shown on hover&#8221; min_height=&#8221;75vh&#8221; min_height_tablet=&#8221;550&#8243;]\n<p class=\"p1\"><span class=\"s1\"><b>Contour du corps<\/b><\/span><\/p>\n<p class=\"p1\"><span class=\"s1\">Les traitements utilisant des technologies et des th\u00e9ories de pointe visent \u00e0 raffermir le corps, \u00e0 le lifter, ainsi qu&#8217;\u00e0 r\u00e9duire la graisse, offrant une silhouette plus dynamique et plus fine \u00e0 toutes les femmes.<span class=\"Apple-converted-space\"> <\/span><\/span><\/p>\n[\/fancy_box][\/item][\/carousel][\/vc_column][\/vc_row]\n","protected":false},"excerpt":{"rendered":"<p>[vc_row type=&#8221;full_width_content&#8221; full_screen_row_position=&#8221;middle&#8221; column_margin=&#8221;default&#8221; column_direction=&#8221;default&#8221; column_direction_tablet=&#8221;default&#8221; column_direction_phone=&#8221;default&#8221; scene_position=&#8221;center&#8221; top_padding=&#8221;6%&#8221; constrain_group_1=&#8221;yes&#8221; bottom_padding=&#8221;6%&#8221; left_padding_desktop=&#8221;8%&#8221; right_padding_desktop=&#8221;8%&#8221; top_padding_tablet=&#8221;15%&#8221; constrain_group_3=&#8221;yes&#8221; bottom_padding_tablet=&#8221;15%&#8221; text_color=&#8221;dark&#8221; text_align=&#8221;left&#8221; row_border_radius=&#8221;none&#8221; row_border_radius_applies=&#8221;bg&#8221; overflow=&#8221;hidden&#8221; id=&#8221;impact&#8221; advanced_gradient_angle=&#8221;0&#8243; overlay_strength=&#8221;0.3&#8243; gradient_direction=&#8221;left_to_right&#8221; shape_divider_position=&#8221;top&#8221; shape_divider_height=&#8221;50%&#8221; bg_image_animation=&#8221;none&#8221; shape_type=&#8221;straight_section&#8221; gradient_type=&#8221;default&#8221;][vc_column&#8230;<\/p>\n","protected":false},"author":1,"featured_media":0,"parent":0,"menu_order":0,"comment_status":"closed","ping_status":"closed","template":"","meta":[],"_links":{"self":[{"href":"https:\/\/www.rspa.ca\/index.php?rest_route=\/wp\/v2\/pages\/1282"}],"collection":[{"href":"https:\/\/www.rspa.ca\/index.php?rest_route=\/wp\/v2\/pages"}],"about":[{"href":"https:\/\/www.rspa.ca\/index.php?rest_route=\/wp\/v2\/types\/page"}],"author":[{"embeddable":true,"href":"https:\/\/www.rspa.ca\/index.php?rest_route=\/wp\/v2\/users\/1"}],"replies":[{"embeddable":true,"href":"https:\/\/www.rspa.ca\/index.php?rest_route=%2Fwp%2Fv2%2Fcomments&post=1282"}],"version-history":[{"count":22,"href":"https:\/\/www.rspa.ca\/index.php?rest_route=\/wp\/v2\/pages\/1282\/revisions"}],"predecessor-version":[{"id":1519,"href":"https:\/\/www.rspa.ca\/index.php?rest_route=\/wp\/v2\/pages\/1282\/revisions\/1519"}],"wp:attachment":[{"href":"https:\/\/www.rspa.ca\/index.php?rest_route=%2Fwp%2Fv2%2Fmedia&parent=1282"}],"curies":[{"name":"wp","href":"https:\/\/api.w.org\/{rel}","templated":true}]}}